{"id":2321,"date":"2023-10-03T17:34:52","date_gmt":"2023-10-03T15:34:52","guid":{"rendered":"https:\/\/ferqui.com\/sunrise-school\/"},"modified":"2024-03-01T12:45:53","modified_gmt":"2024-03-01T11:45:53","slug":"sunrise-school","status":"publish","type":"page","link":"https:\/\/ferqui.com\/fr\/vehiculos\/midibuses\/sunrise\/sunrise-school\/","title":{"rendered":"\u00c9cole Sunrise"},"content":{"rendered":"\n<div class=\"wp-block-columns is-layout-flex wp-container-core-columns-is-layout-28f84493 wp-block-columns-is-layout-flex\">\n<div class=\"wp-block-column is-layout-flow wp-block-column-is-layout-flow\">\n<figure class=\"wp-block-image aligncenter size-full\"><img loading=\"lazy\" decoding=\"async\" width=\"392\" height=\"248\" src=\"https:\/\/ferqui.com\/wp-content\/uploads\/2023\/10\/sunriseSchool.png\" alt=\"\" class=\"wp-image-393\"><\/figure>\n\n\n<p class=\"has-text-align-center\">Sunrise School est d\u00e9velopp\u00e9 sur le ch\u00e2ssis-cabine Iveco Daily 70C18<\/p>\n\n\n\n<p class=\"has-text-align-center\"><strong>Nombre de places\u00a0:<\/strong> 33<\/p>\n\n\n\n<p class=\"has-text-align-center\"><strong>Longueur<\/strong>\u00a0: 8 468 m<\/p>\n\n\n\n<p class=\"has-text-align-center\"><strong>Dist. Entre les essieux :<\/strong>  4,75 m\u00e8tres<\/p>\n\n\n\n<p class=\"has-text-align-center\"><strong>Coffre :<\/strong> 2 troncs lat\u00e9raux de 0,3<strong> <\/strong>m<sup>3<\/sup><\/p>\n<\/div>\n\n\n\n<div class=\"wp-block-column is-layout-flow wp-block-column-is-layout-flow\">\n<div class=\"wp-block-columns is-layout-flex wp-container-core-columns-is-layout-28f84493 wp-block-columns-is-layout-flex\">\n<div class=\"wp-block-column is-layout-flow wp-block-column-is-layout-flow\">\n<h3 class=\"wp-block-heading\">Standard<\/h3>\n\n\n\n<ul class=\"wp-block-list\">\n<li>Carrosserie sur ch\u00e2ssis Iveco Daily 70C18<\/li>\n\n\n\n<li>33 places fixes<\/li>\n\n\n\n<li>Si\u00e8ge conducteur d\u2019origine Iveco<\/li>\n\n\n\n<li>1 porte de service \u00e9lectrique<\/li>\n\n\n\n<li>1 porte de secours sur le c\u00f4t\u00e9 gauche<\/li>\n\n\n\n<li>1 trappe de toit, au milieu<\/li>\n\n\n\n<li>2 compartiments \u00e0 bagages lat\u00e9raux de 0,3 m3<\/li>\n\n\n\n<li>Climatisation au plafond<\/li>\n\n\n\n<li>Radio CD avec connexion USB<\/li>\n\n\n\n<li>Microphone du conducteur<\/li>\n\n\n\n<li>Chauffage par convecteur, des deux c\u00f4t\u00e9s<\/li>\n\n\n\n<li>Pas de porte-bagages int\u00e9rieur, pas de liseuses individuelles<\/li>\n\n\n\n<li>Feux de gabarit arri\u00e8re<\/li>\n\n\n\n<li>L\u00e8ve-vitre \u00e9lectrique<\/li>\n\n\n\n<li>Vitrage simple face teint\u00e9 fonc\u00e9<\/li>\n\n\n\n<li>Rideaux lat\u00e9raux et frontaux<\/li>\n\n\n\n<li>Peinture acrylique, 1 couleur<\/li>\n\n\n\n<li>Adapt\u00e9 \u00e0 la r\u00e9glementation des transports scolaires<\/li>\n<\/ul>\n<\/div>\n\n\n\n<div class=\"wp-block-column is-layout-flow wp-block-column-is-layout-flow\">\n<h3 class=\"wp-block-heading\">Optionnel<\/h3>\n\n\n\n<ul class=\"wp-block-list\">\n<li>Peinture m\u00e9tallis\u00e9e<\/li>\n\n\n\n<li>Double vitrage double face teint\u00e9 fonc\u00e9<\/li>\n\n\n\n<li>Frigo<\/li>\n\n\n\n<li>DVD-TFT<\/li>\n\n\n\n<li>Attelage arri\u00e8re pour 750 kgs<\/li>\n\n\n\n<li>Panneau de route avant<\/li>\n<\/ul>\n<\/div>\n<\/div>\n<\/div>\n<\/div>\n","protected":false},"excerpt":{"rendered":"<p>Sunrise School est d\u00e9velopp\u00e9 sur le ch\u00e2ssis-cabine Iveco Daily 70C18 Nombre de places\u00a0: 33 Longueur\u00a0: 8 468 m Dist. Entre les essieux : 4,75 m\u00e8tres Coffre : 2 troncs lat\u00e9raux de 0,3 m3 Standard Optionnel<\/p>\n","protected":false},"author":1,"featured_media":0,"parent":2329,"menu_order":0,"comment_status":"closed","ping_status":"closed","template":"","meta":{"footnotes":""},"class_list":["post-2321","page","type-page","status-publish","hentry"],"_links":{"self":[{"href":"https:\/\/ferqui.com\/fr\/wp-json\/wp\/v2\/pages\/2321","targetHints":{"allow":["GET"]}}],"collection":[{"href":"https:\/\/ferqui.com\/fr\/wp-json\/wp\/v2\/pages"}],"about":[{"href":"https:\/\/ferqui.com\/fr\/wp-json\/wp\/v2\/types\/page"}],"author":[{"embeddable":true,"href":"https:\/\/ferqui.com\/fr\/wp-json\/wp\/v2\/users\/1"}],"replies":[{"embeddable":true,"href":"https:\/\/ferqui.com\/fr\/wp-json\/wp\/v2\/comments?post=2321"}],"version-history":[{"count":3,"href":"https:\/\/ferqui.com\/fr\/wp-json\/wp\/v2\/pages\/2321\/revisions"}],"predecessor-version":[{"id":2626,"href":"https:\/\/ferqui.com\/fr\/wp-json\/wp\/v2\/pages\/2321\/revisions\/2626"}],"up":[{"embeddable":true,"href":"https:\/\/ferqui.com\/fr\/wp-json\/wp\/v2\/pages\/2329"}],"wp:attachment":[{"href":"https:\/\/ferqui.com\/fr\/wp-json\/wp\/v2\/media?parent=2321"}],"curies":[{"name":"wp","href":"https:\/\/api.w.org\/{rel}","templated":true}]}}

École Sunrise

<div class="wp-block-columns is-layout-flex wp-container-core-columns-is-layout-28f84493 wp-block-columns-is-layout-flex">
<div class="wp-block-column is-layout-flow wp-block-column-is-layout-flow">
<figure class="wp-block-image aligncenter size-full"><img loading="lazy" decoding="async" width="392" height="248" src="https://ferqui.com/wp-content/uploads/2023/10/sunriseSchool.png" alt="" class="wp-image-393"></figure>


<p class="has-text-align-center">Sunrise School est développé sur le châssis-cabine Iveco Daily 70C18</p>



<p class="has-text-align-center"><strong>Nombre de places :</strong> 33</p>



<p class="has-text-align-center"><strong>Longueur</strong> : 8 468 m</p>



<p class="has-text-align-center"><strong>Dist. Entre les essieux :</strong>  4,75 mètres</p>



<p class="has-text-align-center"><strong>Coffre :</strong> 2 troncs latéraux de 0,3<strong> </strong>m<sup>3</sup></p>
</div>



<div class="wp-block-column is-layout-flow wp-block-column-is-layout-flow">
<div class="wp-block-columns is-layout-flex wp-container-core-columns-is-layout-28f84493 wp-block-columns-is-layout-flex">
<div class="wp-block-column is-layout-flow wp-block-column-is-layout-flow">
<h3 class="wp-block-heading">Standard</h3>



<ul class="wp-block-list">
<li>Carrosserie sur châssis Iveco Daily 70C18</li>



<li>33 places fixes</li>



<li>Siège conducteur d’origine Iveco</li>



<li>1 porte de service électrique</li>



<li>1 porte de secours sur le côté gauche</li>



<li>1 trappe de toit, au milieu</li>



<li>2 compartiments à bagages latéraux de 0,3 m3</li>



<li>Climatisation au plafond</li>



<li>Radio CD avec connexion USB</li>



<li>Microphone du conducteur</li>



<li>Chauffage par convecteur, des deux côtés</li>



<li>Pas de porte-bagages intérieur, pas de liseuses individuelles</li>



<li>Feux de gabarit arrière</li>



<li>Lève-vitre électrique</li>



<li>Vitrage simple face teinté foncé</li>



<li>Rideaux latéraux et frontaux</li>



<li>Peinture acrylique, 1 couleur</li>



<li>Adapté à la réglementation des transports scolaires</li>
</ul>
</div>



<div class="wp-block-column is-layout-flow wp-block-column-is-layout-flow">
<h3 class="wp-block-heading">Optionnel</h3>



<ul class="wp-block-list">
<li>Peinture métallisée</li>



<li>Double vitrage double face teinté foncé</li>



<li>Frigo</li>



<li>DVD-TFT</li>



<li>Attelage arrière pour 750 kgs</li>



<li>Panneau de route avant</li>
</ul>
</div>
</div>
</div>
</div>

<p>Sunrise School est développé sur le châssis-cabine Iveco Daily 70C18 Nombre de places : 33 Longueur : 8 468 m Dist. Entre les essieux : 4,75 mètres Coffre : 2 troncs latéraux de 0,3 m3 Standard Optionnel</p>
