{"id":2323,"date":"2023-10-03T17:22:10","date_gmt":"2023-10-03T15:22:10","guid":{"rendered":"https:\/\/ferqui.com\/sunrise-pmr-pt\/"},"modified":"2024-03-01T12:45:53","modified_gmt":"2024-03-01T11:45:53","slug":"sunrise-pmr-pt","status":"publish","type":"page","link":"https:\/\/ferqui.com\/fr\/vehiculos\/midibuses\/sunrise\/sunrise-pmr-pt\/","title":{"rendered":"Sunrise PMR PT"},"content":{"rendered":"\n<div class=\"wp-block-columns is-layout-flex wp-container-core-columns-is-layout-28f84493 wp-block-columns-is-layout-flex\">\n<div class=\"wp-block-column is-layout-flow wp-block-column-is-layout-flow\">\n<figure class=\"wp-block-image aligncenter size-full\"><img loading=\"lazy\" decoding=\"async\" width=\"392\" height=\"248\" src=\"https:\/\/ferqui.com\/wp-content\/uploads\/2023\/10\/sunrisePMRPT.png\" alt=\"\" class=\"wp-image-391\"><\/figure>\n\n\n<p class=\"has-text-align-center\">Sunrise semi-urbain, avec carrosserie sur ch\u00e2ssis-cabine Iveco Daily 70C17<\/p>\n\n\n\n<p class=\"has-text-align-center\"><strong>Nombre de places\u00a0:<\/strong> 28<\/p>\n\n\n\n<p class=\"has-text-align-center\"><strong>Longueur<\/strong>\u00a0: 8 468 m<\/p>\n\n\n\n<p class=\"has-text-align-center\"><strong>Dist. Entre les essieux :<\/strong>  4,75 m\u00e8tres<\/p>\n\n\n\n<p class=\"has-text-align-center\"><strong>Coffre<\/strong> : 0,3<strong> <\/strong>m<sup>c\u00f4t\u00e9s 3<\/sup><\/p>\n<\/div>\n\n\n\n<div class=\"wp-block-column is-layout-flow wp-block-column-is-layout-flow\">\n<div class=\"wp-block-columns is-layout-flex wp-container-core-columns-is-layout-28f84493 wp-block-columns-is-layout-flex\">\n<div class=\"wp-block-column is-layout-flow wp-block-column-is-layout-flow\">\n<h3 class=\"wp-block-heading\">Standard<\/h3>\n\n\n\n<ul class=\"wp-block-list\">\n<li>Carrosserie sur ch\u00e2ssis Iveco Daily 70C17<\/li>\n\n\n\n<li>28 si\u00e8ges inclinables<\/li>\n\n\n\n<li>Si\u00e8ge conducteur d\u2019origine Iveco<\/li>\n\n\n\n<li>Si\u00e8ge de guidage<\/li>\n\n\n\n<li>1 porte de service \u00e9lectrique<\/li>\n\n\n\n<li>1 porte de secours aile gauche<\/li>\n\n\n\n<li>1 plate-forme \u00e0 l\u2019arri\u00e8re, semi-automatique, pour les personnes \u00e0 mobilit\u00e9 r\u00e9duite<\/li>\n\n\n\n<li>1 jeu d\u2019ancrages de chaise<\/li>\n\n\n\n<li>1 trappe de toit, au milieu<\/li>\n\n\n\n<li>Soufflet lat\u00e9ral de 0,3<sup>m3<\/sup><\/li>\n\n\n\n<li>DIAVIA climatisation, plafond<\/li>\n\n\n\n<li>Convient pour 8 fauteuils roulants<\/li>\n\n\n\n<li>Radio CD<\/li>\n\n\n\n<li>Microphone du conducteur<\/li>\n\n\n\n<li>Chauffage par convecteur, des deux c\u00f4t\u00e9s<\/li>\n\n\n\n<li>Lampes de lecture individuelles<\/li>\n\n\n\n<li>Feux de gabarit arri\u00e8re<\/li>\n\n\n\n<li>L\u00e8ve-vitre \u00e9lectrique<\/li>\n\n\n\n<li>Double vitrage lat\u00e9ral teint\u00e9 fonc\u00e9<\/li>\n\n\n\n<li>Adaptation et r\u00e9vision selon le r\u00e8glement de l\u2019\u00e9cole<\/li>\n\n\n\n<li>Moquette dans le couloir et le poste de conduite<\/li>\n\n\n\n<li>Rideaux lat\u00e9raux et frontaux<\/li>\n\n\n\n<li>Enjoliveurs de roues<\/li>\n\n\n\n<li>Peinture acrylique, 1 couleur<\/li>\n\n\n\n<li>Adapt\u00e9 \u00e0 la r\u00e9glementation de l\u2019\u00e9cole<\/li>\n<\/ul>\n<\/div>\n\n\n\n<div class=\"wp-block-column is-layout-flow wp-block-column-is-layout-flow\">\n<h3 class=\"wp-block-heading\">Optionnel<\/h3>\n\n\n\n<ul class=\"wp-block-list\">\n<li>Peinture m\u00e9tallis\u00e9e<\/li>\n\n\n\n<li>Double vitrage double face teint\u00e9 fonc\u00e9<\/li>\n\n\n\n<li>Frigo<\/li>\n\n\n\n<li>DVD-TFT<\/li>\n\n\n\n<li>Attelage arri\u00e8re pour 750 kgs<\/li>\n\n\n\n<li>Pr\u00e9-installation du syst\u00e8me SAE<\/li>\n\n\n\n<li>Syst\u00e8me Wifi<\/li>\n\n\n\n<li>Panneau d\u2019itin\u00e9raire<\/li>\n<\/ul>\n<\/div>\n<\/div>\n<\/div>\n<\/div>\n","protected":false},"excerpt":{"rendered":"<p>Sunrise semi-urbain, avec carrosserie sur ch\u00e2ssis-cabine Iveco Daily 70C17 Nombre de places\u00a0: 28 Longueur\u00a0: 8 468 m Dist. Entre les essieux : 4,75 m\u00e8tres Coffre : 0,3 mc\u00f4t\u00e9s 3 Standard Optionnel<\/p>\n","protected":false},"author":1,"featured_media":0,"parent":2329,"menu_order":0,"comment_status":"closed","ping_status":"closed","template":"","meta":{"footnotes":""},"class_list":["post-2323","page","type-page","status-publish","hentry"],"_links":{"self":[{"href":"https:\/\/ferqui.com\/fr\/wp-json\/wp\/v2\/pages\/2323","targetHints":{"allow":["GET"]}}],"collection":[{"href":"https:\/\/ferqui.com\/fr\/wp-json\/wp\/v2\/pages"}],"about":[{"href":"https:\/\/ferqui.com\/fr\/wp-json\/wp\/v2\/types\/page"}],"author":[{"embeddable":true,"href":"https:\/\/ferqui.com\/fr\/wp-json\/wp\/v2\/users\/1"}],"replies":[{"embeddable":true,"href":"https:\/\/ferqui.com\/fr\/wp-json\/wp\/v2\/comments?post=2323"}],"version-history":[{"count":3,"href":"https:\/\/ferqui.com\/fr\/wp-json\/wp\/v2\/pages\/2323\/revisions"}],"predecessor-version":[{"id":2458,"href":"https:\/\/ferqui.com\/fr\/wp-json\/wp\/v2\/pages\/2323\/revisions\/2458"}],"up":[{"embeddable":true,"href":"https:\/\/ferqui.com\/fr\/wp-json\/wp\/v2\/pages\/2329"}],"wp:attachment":[{"href":"https:\/\/ferqui.com\/fr\/wp-json\/wp\/v2\/media?parent=2323"}],"curies":[{"name":"wp","href":"https:\/\/api.w.org\/{rel}","templated":true}]}}

<div class="wp-block-columns is-layout-flex wp-container-core-columns-is-layout-28f84493 wp-block-columns-is-layout-flex">
<div class="wp-block-column is-layout-flow wp-block-column-is-layout-flow">
<figure class="wp-block-image aligncenter size-full"><img loading="lazy" decoding="async" width="392" height="248" src="https://ferqui.com/wp-content/uploads/2023/10/sunrisePMRPT.png" alt="" class="wp-image-391"></figure>


<p class="has-text-align-center">Sunrise semi-urbain, avec carrosserie sur châssis-cabine Iveco Daily 70C17</p>



<p class="has-text-align-center"><strong>Nombre de places :</strong> 28</p>



<p class="has-text-align-center"><strong>Longueur</strong> : 8 468 m</p>



<p class="has-text-align-center"><strong>Dist. Entre les essieux :</strong>  4,75 mètres</p>



<p class="has-text-align-center"><strong>Coffre</strong> : 0,3<strong> </strong>m<sup>côtés 3</sup></p>
</div>



<div class="wp-block-column is-layout-flow wp-block-column-is-layout-flow">
<div class="wp-block-columns is-layout-flex wp-container-core-columns-is-layout-28f84493 wp-block-columns-is-layout-flex">
<div class="wp-block-column is-layout-flow wp-block-column-is-layout-flow">
<h3 class="wp-block-heading">Standard</h3>



<ul class="wp-block-list">
<li>Carrosserie sur châssis Iveco Daily 70C17</li>



<li>28 sièges inclinables</li>



<li>Siège conducteur d’origine Iveco</li>



<li>Siège de guidage</li>



<li>1 porte de service électrique</li>



<li>1 porte de secours aile gauche</li>



<li>1 plate-forme à l’arrière, semi-automatique, pour les personnes à mobilité réduite</li>



<li>1 jeu d’ancrages de chaise</li>



<li>1 trappe de toit, au milieu</li>



<li>Soufflet latéral de 0,3<sup>m3</sup></li>



<li>DIAVIA climatisation, plafond</li>



<li>Convient pour 8 fauteuils roulants</li>



<li>Radio CD</li>



<li>Microphone du conducteur</li>



<li>Chauffage par convecteur, des deux côtés</li>



<li>Lampes de lecture individuelles</li>



<li>Feux de gabarit arrière</li>



<li>Lève-vitre électrique</li>



<li>Double vitrage latéral teinté foncé</li>



<li>Adaptation et révision selon le règlement de l’école</li>



<li>Moquette dans le couloir et le poste de conduite</li>



<li>Rideaux latéraux et frontaux</li>



<li>Enjoliveurs de roues</li>



<li>Peinture acrylique, 1 couleur</li>



<li>Adapté à la réglementation de l’école</li>
</ul>
</div>



<div class="wp-block-column is-layout-flow wp-block-column-is-layout-flow">
<h3 class="wp-block-heading">Optionnel</h3>



<ul class="wp-block-list">
<li>Peinture métallisée</li>



<li>Double vitrage double face teinté foncé</li>



<li>Frigo</li>



<li>DVD-TFT</li>



<li>Attelage arrière pour 750 kgs</li>



<li>Pré-installation du système SAE</li>



<li>Système Wifi</li>



<li>Panneau d’itinéraire</li>
</ul>
</div>
</div>
</div>
</div>

<p>Sunrise semi-urbain, avec carrosserie sur châssis-cabine Iveco Daily 70C17 Nombre de places : 28 Longueur : 8 468 m Dist. Entre les essieux : 4,75 mètres Coffre : 0,3 mcôtés 3 Standard Optionnel</p>
