{"id":2353,"date":"2023-09-28T16:48:53","date_gmt":"2023-09-28T14:48:53","guid":{"rendered":"https:\/\/ferqui.com\/homologaciones-certificaciones-y-premios\/"},"modified":"2024-03-01T12:46:22","modified_gmt":"2024-03-01T11:46:22","slug":"homologaciones-certificaciones-y-premios","status":"publish","type":"page","link":"https:\/\/ferqui.com\/fr\/homologaciones-certificaciones-y-premios\/","title":{"rendered":"Homologations, certifications et r\u00e9compenses"},"content":{"rendered":"\n<div style=\"height:80px\" aria-hidden=\"true\" class=\"wp-block-spacer\"><\/div>\n\n<p><strong>CERTIFICATION AUTORIS\u00c9E<\/strong><\/p>\n\n<div class=\"wp-block-columns is-layout-flex wp-container-core-columns-is-layout-28f84493 wp-block-columns-is-layout-flex\">\n<div class=\"wp-block-column is-layout-flow wp-block-column-is-layout-flow\">\n<figure class=\"wp-block-image aligncenter size-full is-resized\"><img loading=\"lazy\" decoding=\"async\" width=\"183\" height=\"63\" src=\"https:\/\/ferqui.com\/wp-content\/uploads\/2023\/09\/vanpartner.png\" alt=\"\" class=\"wp-image-247\" style=\"width:259px;height:89px\"><\/figure>\n\n\n<p>Van Partner by Mercedes-Benz est la plate-forme internationale pour la carrosserie et les modifications pour les fourgons de base Mercedes-Benz.  <br\/>La marque propose de rejoindre ce programme uniquement aux bodybuilders qui r\u00e9pondent \u00e0 ses exigences \u00e9lev\u00e9es en mati\u00e8re de qualit\u00e9, de vente et de service apr\u00e8s-vente.<\/p>\n<\/div>\n\n\n\n<div class=\"wp-block-column is-layout-flow wp-block-column-is-layout-flow\">\n<figure class=\"wp-block-image aligncenter size-full is-resized\"><img loading=\"lazy\" decoding=\"async\" width=\"183\" height=\"63\" src=\"https:\/\/ferqui.com\/wp-content\/uploads\/2023\/09\/busmarter.png\" alt=\"Busmaster par iveco\" class=\"wp-image-248\" style=\"width:276px;height:95px\"\/><\/figure>\n\n\n<p>BUSMASTER est une plate-forme internationale de solutions de carrosserie et de transformation pour le transport de personnes bas\u00e9e sur les v\u00e9hicules IVECO BUS.<\/p>\n<\/div>\n<\/div>\n\n<div style=\"height:90px\" aria-hidden=\"true\" class=\"wp-block-spacer\"><\/div>\n\n<p><strong>ISO<\/strong><\/p>\n\n<div class=\"wp-block-columns is-layout-flex wp-container-core-columns-is-layout-28f84493 wp-block-columns-is-layout-flex\">\n<div class=\"wp-block-column is-vertically-aligned-top is-layout-flow wp-block-column-is-layout-flow\">\n<figure class=\"wp-block-image aligncenter size-full is-resized\"><img loading=\"lazy\" decoding=\"async\" width=\"200\" height=\"127\" src=\"https:\/\/ferqui.com\/wp-content\/uploads\/2023\/09\/certificado-4-2_BMTRADA_UKAS.png\" alt=\"\" class=\"wp-image-251\" style=\"aspect-ratio:1.5748031496062993;width:206px;height:auto\"><\/figure>\n\n\n<p>La norme ISO 9001\u00a0:2015 est reconnue internationalement comme une norme \u00e9lev\u00e9e en mati\u00e8re de syst\u00e8me de gestion de la qualit\u00e9.<\/p>\n\n\n\n<p>Cette certification transmet aux clients un engagement envers la qualit\u00e9 dans la gestion de l\u2019entreprise, en plus d\u2019\u00eatre soumise \u00e0 des audits p\u00e9riodiques afin de v\u00e9rifier que les niveaux de conformit\u00e9 souhait\u00e9s sont maintenus.<\/p>\n\n\n\n<p>Accr\u00e9dit\u00e9 par UKAS (United Kingdom Accreditation Service).<\/p>\n\n\n\n<div class=\"wp-block-file alignright\"><a id=\"wp-block-file--media-36aa479c-29c5-4efe-bec8-4ea25958c07f\" href=\"https:\/\/ferqui.com\/wp-content\/uploads\/2023\/09\/CARROCERIAS-FERQUI-S.L.-QMS-2022-01-ES.pdf\">Certificat ISO 9001 (Qualit\u00e9)<\/a><a href=\"https:\/\/ferqui.com\/wp-content\/uploads\/2023\/09\/CARROCERIAS-FERQUI-S.L.-QMS-2022-01-ES.pdf\" class=\"wp-block-file__button wp-element-button\" download=\"\" aria-describedby=\"wp-block-file--media-36aa479c-29c5-4efe-bec8-4ea25958c07f\">D\u00e9charge<\/a><\/div>\n<\/div>\n\n\n\n<div class=\"wp-block-column is-layout-flow wp-block-column-is-layout-flow\">\n<figure class=\"wp-block-image aligncenter size-full is-resized\"><img loading=\"lazy\" decoding=\"async\" width=\"245\" height=\"215\" src=\"https:\/\/ferqui.com\/wp-content\/uploads\/2023\/09\/logoISO-45001.png\" alt=\"\" class=\"wp-image-253\" style=\"aspect-ratio:1.1395348837209303;width:152px;height:auto\"><\/figure>\n\n\n<p><a href=\"https:\/\/ferqui.com\/wp-content\/uploads\/2019\/12\/Certificado-ISO45001.pdf\">ISO 45001\u00a0:2018<\/a> : Syst\u00e8me de management de la sant\u00e9 et de la s\u00e9curit\u00e9 au travail<\/p>\n\n\n\n<p>L\u2019objectif de la mise en \u0153uvre de la norme est d\u2019am\u00e9liorer le syst\u00e8me de gestion afin d\u2019offrir un lieu de travail s\u00fbr et sain \u00e0 notre personnel.<\/p>\n\n\n\n<p>Il d\u00e9montre un engagement total de l\u2019organisation, o\u00f9 les questions de sant\u00e9 et de s\u00e9curit\u00e9 sont prioritaires pour r\u00e9duire les risques et les dangers, en r\u00e9alisant un d\u00e9veloppement de la culture pr\u00e9ventive.<\/p>\n\n\n\n<div class=\"wp-block-file alignright\"><a id=\"wp-block-file--media-d8342d47-8ef2-405e-bb65-6bc56ecfb05d\" href=\"https:\/\/ferqui.com\/wp-content\/uploads\/2023\/09\/CARROCERIAS-FERQUI-S.L.-OHSMS-2022-01-ES.pdf\">Certificat ISO 45001 (Sant\u00e9 et s\u00e9curit\u00e9 au travail)<\/a><a href=\"https:\/\/ferqui.com\/wp-content\/uploads\/2023\/09\/CARROCERIAS-FERQUI-S.L.-OHSMS-2022-01-ES.pdf\" class=\"wp-block-file__button wp-element-button\" download=\"\" aria-describedby=\"wp-block-file--media-d8342d47-8ef2-405e-bb65-6bc56ecfb05d\">D\u00e9charge<\/a><\/div>\n<\/div>\n<\/div>\n\n<div style=\"height:90px\" aria-hidden=\"true\" class=\"wp-block-spacer\"><\/div>\n\n<p><strong><kbd>PRIX<\/kbd><\/strong><\/p>\n\n<div class=\"wp-block-columns is-layout-flex wp-container-core-columns-is-layout-28f84493 wp-block-columns-is-layout-flex\">\n<div class=\"wp-block-column is-layout-flow wp-block-column-is-layout-flow\">\n<figure class=\"wp-block-image aligncenter size-full is-resized\"><img loading=\"lazy\" decoding=\"async\" width=\"150\" height=\"150\" src=\"https:\/\/ferqui.com\/wp-content\/uploads\/2023\/09\/Premio-Sunset-S4-2020-150x150-1.jpg\" alt=\"\" class=\"wp-image-257\" style=\"aspect-ratio:1;width:141px;height:auto\"><\/figure>\n\n\n<h3 class=\"wp-block-heading\"><a href=\"https:\/\/ferqui.com\/premio-de-asturias-disena\/\">PRIX DU DESIGN DES ASTURIES<\/a><\/h3>\n\n\n\n<p>Prix \u00ab Design for Mobility \u00bb de l\u2019association Asturias Dise\u00f1a pour le travail r\u00e9alis\u00e9 sur le v\u00e9hicule Sunset S4.<\/p>\n<\/div>\n\n\n\n<div class=\"wp-block-column is-layout-flow wp-block-column-is-layout-flow\">\n<figure class=\"wp-block-image aligncenter size-full is-resized\"><img loading=\"lazy\" decoding=\"async\" width=\"621\" height=\"770\" src=\"https:\/\/ferqui.com\/wp-content\/uploads\/2023\/11\/logo-premios-editec-2011-Midibus-web-6.jpg\" alt=\"\" class=\"wp-image-842\" style=\"aspect-ratio:0.75;width:113px;height:auto\"><\/figure>\n\n\n<h3 class=\"wp-block-heading\">Midibus de l\u2019ann\u00e9e 2011<\/h3>\n\n\n\n<p>Ferqui <strong>Sunset X<\/strong>, re\u00e7oit le prix Microbus de l\u2019ann\u00e9e 2011 en Espagne.<\/p>\n<\/div>\n\n\n\n<div class=\"wp-block-column is-layout-flow wp-block-column-is-layout-flow\">\n<figure class=\"wp-block-image aligncenter size-full is-resized\"><img loading=\"lazy\" decoding=\"async\" width=\"652\" height=\"827\" src=\"https:\/\/ferqui.com\/wp-content\/uploads\/2023\/11\/logo-premios-editec-2014-Midibus-web-3.jpg\" alt=\"\" class=\"wp-image-841\" style=\"aspect-ratio:0.75;width:116px;height:auto\" srcset=\"https:\/\/ferqui.com\/wp-content\/uploads\/2023\/11\/logo-premios-editec-2014-Midibus-web-3.jpg 652w, https:\/\/ferqui.com\/wp-content\/uploads\/2023\/11\/logo-premios-editec-2014-Midibus-web-3-631x800.jpg 631w\" sizes=\"auto, (max-width: 652px) 100vw, 652px\" \/><\/figure>\n\n\n<h3 class=\"wp-block-heading\"><a href=\"https:\/\/ferqui.com\/midibus-del-ano-2014-en-espana-ferqui-f5\/\">Midibus de l\u2019ann\u00e9e 2014<\/a><\/h3>\n\n\n\n<p>Ferqui <strong>F5<\/strong>, re\u00e7oit le prix du midibus de l\u2019ann\u00e9e 2014 en Espagne.<\/p>\n<\/div>\n<\/div>\n\n<div class=\"wp-block-columns is-layout-flex wp-container-core-columns-is-layout-28f84493 wp-block-columns-is-layout-flex\">\n<div class=\"wp-block-column is-layout-flow wp-block-column-is-layout-flow\">\n<figure class=\"wp-block-image aligncenter size-full is-resized\"><img loading=\"lazy\" decoding=\"async\" width=\"150\" height=\"150\" src=\"https:\/\/ferqui.com\/wp-content\/uploads\/2023\/09\/Midibus-2018_web.jpg\" alt=\"\" class=\"wp-image-264\" style=\"width:undefinedpx;height:125px\"><\/figure>\n\n\n<h3 class=\"wp-block-heading\"><a href=\"https:\/\/ferqui.com\/premio-microbus-de-ano-2018\/\">Minibus de l\u2019ann\u00e9e 2018<\/a><\/h3>\n\n\n\n<p>Ferqui <strong>Sunset S3L<\/strong>, \u00e9lu Minibus de l\u2019ann\u00e9e 2018 en Espagne.<\/p>\n<\/div>\n\n\n\n<div class=\"wp-block-column is-layout-flow wp-block-column-is-layout-flow\">\n<figure class=\"wp-block-image aligncenter size-full is-resized\"><img loading=\"lazy\" decoding=\"async\" width=\"150\" height=\"150\" src=\"https:\/\/ferqui.com\/wp-content\/uploads\/2023\/09\/Midibus-2020_web.jpg\" alt=\"\" class=\"wp-image-265\" style=\"width:undefinedpx;height:125px\"><\/figure>\n\n\n<h3 class=\"wp-block-heading\"><a href=\"https:\/\/ferqui.com\/ferqui-sunset-s4-microbus-del-ano-2020\/\">Minibus de l\u2019ann\u00e9e 2020<\/a><\/h3>\n\n\n\n<p>Ferqui <strong>Sunset S4<\/strong>, \u00e9lu Microbus de l\u2019ann\u00e9e 2020 en Espagne.<\/p>\n<\/div>\n\n\n\n<div class=\"wp-block-column is-layout-flow wp-block-column-is-layout-flow\">\n<figure class=\"wp-block-image aligncenter size-full is-resized\"><img loading=\"lazy\" decoding=\"async\" width=\"150\" height=\"150\" src=\"https:\/\/ferqui.com\/wp-content\/uploads\/2023\/09\/Midibus-2021_web.jpg\" alt=\"\" class=\"wp-image-266\" style=\"width:undefinedpx;height:125px\"><\/figure>\n\n\n<h3 class=\"wp-block-heading\"><a href=\"https:\/\/ferqui.com\/premio-midibus-del-ano-2021\/\">Midibus de l\u2019ann\u00e9e 2021<\/a><\/h3>\n\n\n\n<p>Ferqui <strong>Sunrise Semi-urban CNG,<\/strong> \u00e9lu Midibus de l\u2019ann\u00e9e 2021 en Espagne.<\/p>\n<\/div>\n\n\n\n<div class=\"wp-block-column is-layout-flow wp-block-column-is-layout-flow\">\n<figure class=\"wp-block-image aligncenter size-full is-resized\"><img loading=\"lazy\" decoding=\"async\" width=\"696\" height=\"660\" src=\"https:\/\/ferqui.com\/wp-content\/uploads\/2023\/11\/logo-premios-editec-2023-Midibus-1.jpg\" alt=\"\" class=\"wp-image-828\" style=\"aspect-ratio:1.0545454545454545;width:130px;height:auto\"><\/figure>\n\n\n<h3 class=\"wp-block-heading\"><a href=\"https:\/\/ferqui.com\/premio-de-asturias-disena\/\"><\/a><a href=\"https:\/\/ferqui.com\/premio-midibus-del-ano-2021\/\">Midibus de l\u2019ann\u00e9e 202<\/a>3<\/h3>\n\n\n\n<p>Ferqui <strong>Nora Travel,<\/strong> \u00e9lu Midibus de l\u2019ann\u00e9e 2023 en Espagne.<\/p>\n<\/div>\n<\/div>\n","protected":false},"excerpt":{"rendered":"<p>CERTIFICATION AUTORIS\u00c9E Van Partner by Mercedes-Benz est la plate-forme internationale pour la carrosserie et les modifications pour les fourgons de base Mercedes-Benz. La marque propose de rejoindre ce programme uniquement aux bodybuilders qui r\u00e9pondent \u00e0 ses exigences \u00e9lev\u00e9es en mati\u00e8re de qualit\u00e9, de vente et de service apr\u00e8s-vente. BUSMASTER est une plate-forme internationale de solutions [&hellip;]<\/p>\n","protected":false},"author":1,"featured_media":0,"parent":0,"menu_order":0,"comment_status":"closed","ping_status":"closed","template":"","meta":{"footnotes":""},"class_list":["post-2353","page","type-page","status-publish","hentry"],"_links":{"self":[{"href":"https:\/\/ferqui.com\/fr\/wp-json\/wp\/v2\/pages\/2353","targetHints":{"allow":["GET"]}}],"collection":[{"href":"https:\/\/ferqui.com\/fr\/wp-json\/wp\/v2\/pages"}],"about":[{"href":"https:\/\/ferqui.com\/fr\/wp-json\/wp\/v2\/types\/page"}],"author":[{"embeddable":true,"href":"https:\/\/ferqui.com\/fr\/wp-json\/wp\/v2\/users\/1"}],"replies":[{"embeddable":true,"href":"https:\/\/ferqui.com\/fr\/wp-json\/wp\/v2\/comments?post=2353"}],"version-history":[{"count":3,"href":"https:\/\/ferqui.com\/fr\/wp-json\/wp\/v2\/pages\/2353\/revisions"}],"predecessor-version":[{"id":2662,"href":"https:\/\/ferqui.com\/fr\/wp-json\/wp\/v2\/pages\/2353\/revisions\/2662"}],"wp:attachment":[{"href":"https:\/\/ferqui.com\/fr\/wp-json\/wp\/v2\/media?parent=2353"}],"curies":[{"name":"wp","href":"https:\/\/api.w.org\/{rel}","templated":true}]}}

Homologations, certifications et récompenses

<div style="height:80px" aria-hidden="true" class="wp-block-spacer"></div>

<p><strong>CERTIFICATION AUTORISÉE</strong></p>

<div class="wp-block-columns is-layout-flex wp-container-core-columns-is-layout-28f84493 wp-block-columns-is-layout-flex">
<div class="wp-block-column is-layout-flow wp-block-column-is-layout-flow">
<figure class="wp-block-image aligncenter size-full is-resized"><img loading="lazy" decoding="async" width="183" height="63" src="https://ferqui.com/wp-content/uploads/2023/09/vanpartner.png" alt="" class="wp-image-247" style="width:259px;height:89px"></figure>


<p>Van Partner by Mercedes-Benz est la plate-forme internationale pour la carrosserie et les modifications pour les fourgons de base Mercedes-Benz.  <br/>La marque propose de rejoindre ce programme uniquement aux bodybuilders qui répondent à ses exigences élevées en matière de qualité, de vente et de service après-vente.</p>
</div>



<div class="wp-block-column is-layout-flow wp-block-column-is-layout-flow">
<figure class="wp-block-image aligncenter size-full is-resized"><img loading="lazy" decoding="async" width="183" height="63" src="https://ferqui.com/wp-content/uploads/2023/09/busmarter.png" alt="Busmaster par iveco" class="wp-image-248" style="width:276px;height:95px"/></figure>


<p>BUSMASTER est une plate-forme internationale de solutions de carrosserie et de transformation pour le transport de personnes basée sur les véhicules IVECO BUS.</p>
</div>
</div>

<div style="height:90px" aria-hidden="true" class="wp-block-spacer"></div>

<p><strong>ISO</strong></p>

<div class="wp-block-columns is-layout-flex wp-container-core-columns-is-layout-28f84493 wp-block-columns-is-layout-flex">
<div class="wp-block-column is-vertically-aligned-top is-layout-flow wp-block-column-is-layout-flow">
<figure class="wp-block-image aligncenter size-full is-resized"><img loading="lazy" decoding="async" width="200" height="127" src="https://ferqui.com/wp-content/uploads/2023/09/certificado-4-2_BMTRADA_UKAS.png" alt="" class="wp-image-251" style="aspect-ratio:1.5748031496062993;width:206px;height:auto"></figure>


<p>La norme ISO 9001 :2015 est reconnue internationalement comme une norme élevée en matière de système de gestion de la qualité.</p>



<p>Cette certification transmet aux clients un engagement envers la qualité dans la gestion de l’entreprise, en plus d’être soumise à des audits périodiques afin de vérifier que les niveaux de conformité souhaités sont maintenus.</p>



<p>Accrédité par UKAS (United Kingdom Accreditation Service).</p>



<div class="wp-block-file alignright"><a id="wp-block-file--media-36aa479c-29c5-4efe-bec8-4ea25958c07f" href="https://ferqui.com/wp-content/uploads/2023/09/CARROCERIAS-FERQUI-S.L.-QMS-2022-01-ES.pdf">Certificat ISO 9001 (Qualité)</a><a href="https://ferqui.com/wp-content/uploads/2023/09/CARROCERIAS-FERQUI-S.L.-QMS-2022-01-ES.pdf" class="wp-block-file__button wp-element-button" download="" aria-describedby="wp-block-file--media-36aa479c-29c5-4efe-bec8-4ea25958c07f">Décharge</a></div>
</div>



<div class="wp-block-column is-layout-flow wp-block-column-is-layout-flow">
<figure class="wp-block-image aligncenter size-full is-resized"><img loading="lazy" decoding="async" width="245" height="215" src="https://ferqui.com/wp-content/uploads/2023/09/logoISO-45001.png" alt="" class="wp-image-253" style="aspect-ratio:1.1395348837209303;width:152px;height:auto"></figure>


<p><a href="https://ferqui.com/wp-content/uploads/2019/12/Certificado-ISO45001.pdf">ISO 45001 :2018</a> : Système de management de la santé et de la sécurité au travail</p>



<p>L’objectif de la mise en œuvre de la norme est d’améliorer le système de gestion afin d’offrir un lieu de travail sûr et sain à notre personnel.</p>



<p>Il démontre un engagement total de l’organisation, où les questions de santé et de sécurité sont prioritaires pour réduire les risques et les dangers, en réalisant un développement de la culture préventive.</p>



<div class="wp-block-file alignright"><a id="wp-block-file--media-d8342d47-8ef2-405e-bb65-6bc56ecfb05d" href="https://ferqui.com/wp-content/uploads/2023/09/CARROCERIAS-FERQUI-S.L.-OHSMS-2022-01-ES.pdf">Certificat ISO 45001 (Santé et sécurité au travail)</a><a href="https://ferqui.com/wp-content/uploads/2023/09/CARROCERIAS-FERQUI-S.L.-OHSMS-2022-01-ES.pdf" class="wp-block-file__button wp-element-button" download="" aria-describedby="wp-block-file--media-d8342d47-8ef2-405e-bb65-6bc56ecfb05d">Décharge</a></div>
</div>
</div>

<div style="height:90px" aria-hidden="true" class="wp-block-spacer"></div>

<p><strong><kbd>PRIX</kbd></strong></p>

<div class="wp-block-columns is-layout-flex wp-container-core-columns-is-layout-28f84493 wp-block-columns-is-layout-flex">
<div class="wp-block-column is-layout-flow wp-block-column-is-layout-flow">
<figure class="wp-block-image aligncenter size-full is-resized"><img loading="lazy" decoding="async" width="150" height="150" src="https://ferqui.com/wp-content/uploads/2023/09/Premio-Sunset-S4-2020-150x150-1.jpg" alt="" class="wp-image-257" style="aspect-ratio:1;width:141px;height:auto"></figure>


<h3 class="wp-block-heading"><a href="https://ferqui.com/premio-de-asturias-disena/">PRIX DU DESIGN DES ASTURIES</a></h3>



<p>Prix « Design for Mobility » de l’association Asturias Diseña pour le travail réalisé sur le véhicule Sunset S4.</p>
</div>



<div class="wp-block-column is-layout-flow wp-block-column-is-layout-flow">
<figure class="wp-block-image aligncenter size-full is-resized"><img loading="lazy" decoding="async" width="621" height="770" src="https://ferqui.com/wp-content/uploads/2023/11/logo-premios-editec-2011-Midibus-web-6.jpg" alt="" class="wp-image-842" style="aspect-ratio:0.75;width:113px;height:auto"></figure>


<h3 class="wp-block-heading">Midibus de l’année 2011</h3>



<p>Ferqui <strong>Sunset X</strong>, reçoit le prix Microbus de l’année 2011 en Espagne.</p>
</div>



<div class="wp-block-column is-layout-flow wp-block-column-is-layout-flow">
<figure class="wp-block-image aligncenter size-full is-resized"><img loading="lazy" decoding="async" width="652" height="827" src="https://ferqui.com/wp-content/uploads/2023/11/logo-premios-editec-2014-Midibus-web-3.jpg" alt="" class="wp-image-841" style="aspect-ratio:0.75;width:116px;height:auto" srcset="https://ferqui.com/wp-content/uploads/2023/11/logo-premios-editec-2014-Midibus-web-3.jpg 652w, https://ferqui.com/wp-content/uploads/2023/11/logo-premios-editec-2014-Midibus-web-3-631x800.jpg 631w" sizes="auto, (max-width: 652px) 100vw, 652px" /></figure>


<h3 class="wp-block-heading"><a href="https://ferqui.com/midibus-del-ano-2014-en-espana-ferqui-f5/">Midibus de l’année 2014</a></h3>



<p>Ferqui <strong>F5</strong>, reçoit le prix du midibus de l’année 2014 en Espagne.</p>
</div>
</div>

<div class="wp-block-columns is-layout-flex wp-container-core-columns-is-layout-28f84493 wp-block-columns-is-layout-flex">
<div class="wp-block-column is-layout-flow wp-block-column-is-layout-flow">
<figure class="wp-block-image aligncenter size-full is-resized"><img loading="lazy" decoding="async" width="150" height="150" src="https://ferqui.com/wp-content/uploads/2023/09/Midibus-2018_web.jpg" alt="" class="wp-image-264" style="width:undefinedpx;height:125px"></figure>


<h3 class="wp-block-heading"><a href="https://ferqui.com/premio-microbus-de-ano-2018/">Minibus de l’année 2018</a></h3>



<p>Ferqui <strong>Sunset S3L</strong>, élu Minibus de l’année 2018 en Espagne.</p>
</div>



<div class="wp-block-column is-layout-flow wp-block-column-is-layout-flow">
<figure class="wp-block-image aligncenter size-full is-resized"><img loading="lazy" decoding="async" width="150" height="150" src="https://ferqui.com/wp-content/uploads/2023/09/Midibus-2020_web.jpg" alt="" class="wp-image-265" style="width:undefinedpx;height:125px"></figure>


<h3 class="wp-block-heading"><a href="https://ferqui.com/ferqui-sunset-s4-microbus-del-ano-2020/">Minibus de l’année 2020</a></h3>



<p>Ferqui <strong>Sunset S4</strong>, élu Microbus de l’année 2020 en Espagne.</p>
</div>



<div class="wp-block-column is-layout-flow wp-block-column-is-layout-flow">
<figure class="wp-block-image aligncenter size-full is-resized"><img loading="lazy" decoding="async" width="150" height="150" src="https://ferqui.com/wp-content/uploads/2023/09/Midibus-2021_web.jpg" alt="" class="wp-image-266" style="width:undefinedpx;height:125px"></figure>


<h3 class="wp-block-heading"><a href="https://ferqui.com/premio-midibus-del-ano-2021/">Midibus de l’année 2021</a></h3>



<p>Ferqui <strong>Sunrise Semi-urban CNG,</strong> élu Midibus de l’année 2021 en Espagne.</p>
</div>



<div class="wp-block-column is-layout-flow wp-block-column-is-layout-flow">
<figure class="wp-block-image aligncenter size-full is-resized"><img loading="lazy" decoding="async" width="696" height="660" src="https://ferqui.com/wp-content/uploads/2023/11/logo-premios-editec-2023-Midibus-1.jpg" alt="" class="wp-image-828" style="aspect-ratio:1.0545454545454545;width:130px;height:auto"></figure>


<h3 class="wp-block-heading"><a href="https://ferqui.com/premio-de-asturias-disena/"></a><a href="https://ferqui.com/premio-midibus-del-ano-2021/">Midibus de l’année 202</a>3</h3>



<p>Ferqui <strong>Nora Travel,</strong> élu Midibus de l’année 2023 en Espagne.</p>
</div>
</div>

<p>CERTIFICATION AUTORISÉE Van Partner by Mercedes-Benz est la plate-forme internationale pour la carrosserie et les modifications pour les fourgons de base Mercedes-Benz. La marque propose de rejoindre ce programme uniquement aux bodybuilders qui répondent à ses exigences élevées en matière de qualité, de vente et de service après-vente. BUSMASTER est une plate-forme internationale de solutions [&hellip;]</p>
