{"id":2385,"date":"2023-09-22T11:47:39","date_gmt":"2023-09-22T09:47:39","guid":{"rendered":"https:\/\/ferqui.com\/contacto\/"},"modified":"2024-03-01T12:46:32","modified_gmt":"2024-03-01T11:46:32","slug":"contacto","status":"publish","type":"page","link":"https:\/\/ferqui.com\/fr\/contacto\/","title":{"rendered":"Contact"},"content":{"rendered":"\n<div class=\"wp-block-group has-global-padding is-layout-constrained wp-block-group-is-layout-constrained\">\n<h2 class=\"wp-block-heading has-secondary-color has-text-color has-large-font-size\"><strong>Information<\/strong><\/h2>\n\n\n\n<div style=\"height:11px\" aria-hidden=\"true\" class=\"wp-block-spacer\"><\/div>\n\n\n\n<div class=\"wp-block-columns is-layout-flex wp-container-core-columns-is-layout-28f84493 wp-block-columns-is-layout-flex\">\n<div class=\"wp-block-column is-layout-flow wp-block-column-is-layout-flow\">\n<p><strong>Courriel :<\/strong> <a href=\"mailto:info@ferqui.com\">info@ferqui.com<\/a><br\/><strong>T\u00e9l.<\/strong> <a href=\"tel:+34985740420\">(+34) 985 740 420<\/a><\/p>\n\n\n\n<p><strong>Adresse<\/strong><br\/>Zone Industrielle de La Barreda, Parcelle 15<br\/>33180 \u2013 Nore\u00f1a<br\/>Principaut\u00e9 des Asturies \u2013 Espagne<\/p>\n<\/div>\n\n\n\n<div class=\"wp-block-column is-layout-flow wp-block-column-is-layout-flow\">\n<p><strong>Heures d\u2019ouverture<br\/><\/strong>Du lundi au jeudi de 7h00 \u00e0 15h00<br\/>Vendredi de 7h00 \u00e0 14h00<\/p>\n\n\n\n<p><strong>Chargement et d\u00e9chargement<br\/><\/strong>Du lundi au jeudi de 8h00 \u00e0 14h00<br\/>Vendredi de 8h00 \u00e0 13h00<\/p>\n<\/div>\n\n\n\n<div class=\"wp-block-column is-layout-flow wp-block-column-is-layout-flow\">\n<figure class=\"wp-block-image size-full is-resized\"><img loading=\"lazy\" decoding=\"async\" src=\"https:\/\/ferqui.com\/wp-content\/uploads\/2023\/10\/logo.jpeg\" alt=\"\" class=\"wp-image-543\" style=\"width:302px;height:151px\" width=\"302\" height=\"151\"><\/figure><\/div>\n<\/div>\n\n\n\n<div class=\"wp-block-columns is-layout-flex wp-container-core-columns-is-layout-28f84493 wp-block-columns-is-layout-flex\">\n<div class=\"wp-block-column is-layout-flow wp-block-column-is-layout-flow\">\n<div style=\"height:15px\" aria-hidden=\"true\" class=\"wp-block-spacer\"><\/div>\n\n\n\n<h2 class=\"wp-block-heading has-secondary-color has-text-color has-large-font-size\"><strong>Localisation<\/strong><\/h2>\n\n\n\n<iframe src=\"https:\/\/www.google.com\/maps\/embed?pb=!1m18!1m12!1m3!1d11597.941957271947!2d-5.729993833526451!3d43.38778108785179!2m3!1f0!2f0!3f0!3m2!1i1024!2i768!4f13.1!3m3!1m2!1s0xd3661c41bd55723%3A0x1ae38e42ef8df465!2sCarrocer%C3%ADas%20Ferqui!5e0!3m2!1ses!2ses!4v1696539218895!5m2!1ses!2ses\" width=\"100%\" height=\"450\" style=\"border:0;\" allowfullscreen=\"\" loading=\"lazy\" referrerpolicy=\"no-referrer-when-downgrade\"><\/iframe>\n<\/div>\n<\/div>\n<\/div>\n","protected":false},"excerpt":{"rendered":"<p>Information Courriel : info@ferqui.comT\u00e9l. (+34) 985 740 420 AdresseZone Industrielle de La Barreda, Parcelle 1533180 \u2013 Nore\u00f1aPrincipaut\u00e9 des Asturies \u2013 Espagne Heures d\u2019ouvertureDu lundi au jeudi de 7h00 \u00e0 15h00Vendredi de 7h00 \u00e0 14h00 Chargement et d\u00e9chargementDu lundi au jeudi de 8h00 \u00e0 14h00Vendredi de 8h00 \u00e0 13h00 Localisation<\/p>\n","protected":false},"author":1,"featured_media":0,"parent":0,"menu_order":0,"comment_status":"closed","ping_status":"closed","template":"","meta":{"footnotes":""},"class_list":["post-2385","page","type-page","status-publish","hentry"],"_links":{"self":[{"href":"https:\/\/ferqui.com\/fr\/wp-json\/wp\/v2\/pages\/2385","targetHints":{"allow":["GET"]}}],"collection":[{"href":"https:\/\/ferqui.com\/fr\/wp-json\/wp\/v2\/pages"}],"about":[{"href":"https:\/\/ferqui.com\/fr\/wp-json\/wp\/v2\/types\/page"}],"author":[{"embeddable":true,"href":"https:\/\/ferqui.com\/fr\/wp-json\/wp\/v2\/users\/1"}],"replies":[{"embeddable":true,"href":"https:\/\/ferqui.com\/fr\/wp-json\/wp\/v2\/comments?post=2385"}],"version-history":[{"count":3,"href":"https:\/\/ferqui.com\/fr\/wp-json\/wp\/v2\/pages\/2385\/revisions"}],"predecessor-version":[{"id":2694,"href":"https:\/\/ferqui.com\/fr\/wp-json\/wp\/v2\/pages\/2385\/revisions\/2694"}],"wp:attachment":[{"href":"https:\/\/ferqui.com\/fr\/wp-json\/wp\/v2\/media?parent=2385"}],"curies":[{"name":"wp","href":"https:\/\/api.w.org\/{rel}","templated":true}]}}

<div class="wp-block-group has-global-padding is-layout-constrained wp-block-group-is-layout-constrained">
<h2 class="wp-block-heading has-secondary-color has-text-color has-large-font-size"><strong>Information</strong></h2>



<div style="height:11px" aria-hidden="true" class="wp-block-spacer"></div>



<div class="wp-block-columns is-layout-flex wp-container-core-columns-is-layout-28f84493 wp-block-columns-is-layout-flex">
<div class="wp-block-column is-layout-flow wp-block-column-is-layout-flow">
<p><strong>Courriel :</strong> <a href="mailto:info@ferqui.com">info@ferqui.com</a><br/><strong>Tél.</strong> <a href="tel:+34985740420">(+34) 985 740 420</a></p>



<p><strong>Adresse</strong><br/>Zone Industrielle de La Barreda, Parcelle 15<br/>33180 – Noreña<br/>Principauté des Asturies – Espagne</p>
</div>



<div class="wp-block-column is-layout-flow wp-block-column-is-layout-flow">
<p><strong>Heures d’ouverture<br/></strong>Du lundi au jeudi de 7h00 à 15h00<br/>Vendredi de 7h00 à 14h00</p>



<p><strong>Chargement et déchargement<br/></strong>Du lundi au jeudi de 8h00 à 14h00<br/>Vendredi de 8h00 à 13h00</p>
</div>



<div class="wp-block-column is-layout-flow wp-block-column-is-layout-flow">
<figure class="wp-block-image size-full is-resized"><img loading="lazy" decoding="async" src="https://ferqui.com/wp-content/uploads/2023/10/logo.jpeg" alt="" class="wp-image-543" style="width:302px;height:151px" width="302" height="151"></figure></div>
</div>



<div class="wp-block-columns is-layout-flex wp-container-core-columns-is-layout-28f84493 wp-block-columns-is-layout-flex">
<div class="wp-block-column is-layout-flow wp-block-column-is-layout-flow">
<div style="height:15px" aria-hidden="true" class="wp-block-spacer"></div>



<h2 class="wp-block-heading has-secondary-color has-text-color has-large-font-size"><strong>Localisation</strong></h2>



<iframe src="https://www.google.com/maps/embed?pb=!1m18!1m12!1m3!1d11597.941957271947!2d-5.729993833526451!3d43.38778108785179!2m3!1f0!2f0!3f0!3m2!1i1024!2i768!4f13.1!3m3!1m2!1s0xd3661c41bd55723%3A0x1ae38e42ef8df465!2sCarrocer%C3%ADas%20Ferqui!5e0!3m2!1ses!2ses!4v1696539218895!5m2!1ses!2ses" width="100%" height="450" style="border:0;" allowfullscreen="" loading="lazy" referrerpolicy="no-referrer-when-downgrade"></iframe>
</div>
</div>
</div>

<p>Information Courriel : info@ferqui.comTél. (+34) 985 740 420 AdresseZone Industrielle de La Barreda, Parcelle 1533180 – NoreñaPrincipauté des Asturies – Espagne Heures d’ouvertureDu lundi au jeudi de 7h00 à 15h00Vendredi de 7h00 à 14h00 Chargement et déchargementDu lundi au jeudi de 8h00 à 14h00Vendredi de 8h00 à 13h00 Localisation</p>
